{"id":711,"date":"2024-01-25T14:05:43","date_gmt":"2024-01-25T12:05:43","guid":{"rendered":"https:\/\/krabet.pl\/?page_id=711"},"modified":"2025-09-18T10:00:01","modified_gmt":"2025-09-18T08:00:01","slug":"do-pobrania","status":"publish","type":"page","link":"https:\/\/millwell.de\/strona-glowna\/do-pobrania\/","title":{"rendered":"Do pobrania"},"content":{"rendered":"\n<h2 class=\"wp-block-heading\">Katalog MillWell<\/h2>\n\n\n\n<div class=\"wp-block-file\"><a id=\"wp-block-file--media-231d63a6-b08a-4073-91f1-22b68be6463c\" href=\"https:\/\/millwell.de\/wp-content\/uploads\/2025\/04\/KATALOG-MILLWELL-2025-PL.pdf\" target=\"_blank\" rel=\"noreferrer noopener\">KATALOG MILLWELL 2025 PL<\/a><a href=\"https:\/\/millwell.de\/wp-content\/uploads\/2025\/04\/KATALOG-MILLWELL-2025-PL.pdf\" class=\"wp-block-file__button wp-element-button\" download aria-describedby=\"wp-block-file--media-231d63a6-b08a-4073-91f1-22b68be6463c\">Pobierz<\/a><\/div>\n\n\n\n<div class=\"wp-block-file\"><a id=\"wp-block-file--media-a392768e-4676-4136-b6ac-3a87bd7a8ffe\" href=\"https:\/\/millwell.de\/wp-content\/uploads\/2025\/04\/KATALOG-MILLWELL-2025-ENG.pdf\" target=\"_blank\" rel=\"noreferrer noopener\">KATALOG MILLWELL 2025 ENG<\/a><a href=\"https:\/\/millwell.de\/wp-content\/uploads\/2025\/04\/KATALOG-MILLWELL-2025-ENG.pdf\" class=\"wp-block-file__button wp-element-button\" download aria-describedby=\"wp-block-file--media-a392768e-4676-4136-b6ac-3a87bd7a8ffe\">Pobierz<\/a><\/div>\n\n\n\n<div class=\"wp-block-file\"><a id=\"wp-block-file--media-fa8aecd4-a1e8-46e4-b9c7-f29f067b3ae8\" href=\"https:\/\/millwell.de\/wp-content\/uploads\/2025\/04\/KATALOG-MILLWELL-2025-DE.pdf\" target=\"_blank\" rel=\"noreferrer noopener\">KATALOG MILLWELL 2025 DE<\/a><a href=\"https:\/\/millwell.de\/wp-content\/uploads\/2025\/04\/KATALOG-MILLWELL-2025-DE.pdf\" class=\"wp-block-file__button wp-element-button\" download aria-describedby=\"wp-block-file--media-fa8aecd4-a1e8-46e4-b9c7-f29f067b3ae8\">Pobierz<\/a><\/div>\n\n\n\n<h2 class=\"wp-block-heading\">Opis systemu suchego jastrychu<\/h2>\n\n\n\n<div class=\"wp-block-file\"><a id=\"wp-block-file--media-84f55af0-e21b-4b3f-b25e-bc6a3ec706aa\" href=\"https:\/\/millwell.de\/wp-content\/uploads\/2025\/05\/ulotka.jpg\" target=\"_blank\" rel=\"noreferrer noopener\">Ulotka MillWell ogrzewanie pod\u0142ogowe w systemie suchej zabudowy<\/a><a href=\"https:\/\/millwell.de\/wp-content\/uploads\/2025\/05\/ulotka.jpg\" class=\"wp-block-file__button wp-element-button\" download aria-describedby=\"wp-block-file--media-84f55af0-e21b-4b3f-b25e-bc6a3ec706aa\">Pobierz<\/a><\/div>\n\n\n\n<h2 class=\"wp-block-heading\">Zeszyt techniczny GIFAfloor<\/h2>\n\n\n\n<div class=\"wp-block-file\"><a id=\"wp-block-file--media-3a511948-d229-417a-8903-20f69d1bc05f\" href=\"https:\/\/millwell.de\/wp-content\/uploads\/2025\/05\/Zeszyt-techniczny-F16-pl-GIFAfloor-Hugo-L.pdf\" target=\"_blank\" rel=\"noreferrer noopener\">Zeszyt-techniczny-F16-pl-GIFAfloor-Hugo-L<\/a><a href=\"https:\/\/millwell.de\/wp-content\/uploads\/2025\/05\/Zeszyt-techniczny-F16-pl-GIFAfloor-Hugo-L.pdf\" class=\"wp-block-file__button wp-element-button\" download aria-describedby=\"wp-block-file--media-3a511948-d229-417a-8903-20f69d1bc05f\">Pobierz<\/a><\/div>\n\n\n\n<h2 class=\"wp-block-heading\">Dla projektanta<\/h2>\n\n\n\n<div class=\"wp-block-file\"><a id=\"wp-block-file--media-3454f830-440f-4837-ab14-36065475c6be\" href=\"https:\/\/millwell.de\/wp-content\/uploads\/2025\/05\/Mill-Knauf-HUGO-L-23-mm-plyta-podstawowa.dxf\">Mill Knauf HUGO L 23 mm &#8211; p\u0142yta podstawowa<\/a><a href=\"https:\/\/millwell.de\/wp-content\/uploads\/2025\/05\/Mill-Knauf-HUGO-L-23-mm-plyta-podstawowa.dxf\" class=\"wp-block-file__button wp-element-button\" download aria-describedby=\"wp-block-file--media-3454f830-440f-4837-ab14-36065475c6be\">Pobierz<\/a><\/div>\n\n\n\n<div class=\"wp-block-file\"><a id=\"wp-block-file--media-0f520011-a92e-4461-968e-24a4b31530b5\" href=\"https:\/\/millwell.de\/wp-content\/uploads\/2025\/05\/Mill-Knauf-HUGO-L-23-mm-plyta-uzupelniajaca.dxf\">Mill Knauf HUGO L 23 mm &#8211; p\u0142yta uzupe\u0142niaj\u0105ca<\/a><a href=\"https:\/\/millwell.de\/wp-content\/uploads\/2025\/05\/Mill-Knauf-HUGO-L-23-mm-plyta-uzupelniajaca.dxf\" class=\"wp-block-file__button wp-element-button\" download aria-describedby=\"wp-block-file--media-0f520011-a92e-4461-968e-24a4b31530b5\">Pobierz<\/a><\/div>\n\n\n\n<div class=\"wp-block-group\"><div class=\"wp-block-group__inner-container is-layout-constrained wp-block-group-is-layout-constrained\">\n<div class=\"wp-block-columns is-layout-flex wp-container-core-columns-is-layout-9d6595d7 wp-block-columns-is-layout-flex\">\n<div class=\"wp-block-column is-layout-flow wp-block-column-is-layout-flow\" style=\"flex-basis:100%\">\n<div class=\"wp-block-file\"><a id=\"wp-block-file--media-1dccbca7-f32b-4858-8f87-813883656266\" href=\"https:\/\/millwell.de\/wp-content\/uploads\/2025\/09\/Leistungserklarung-MillWell.pdf\">Leistungserkl\u00e4rung MillWell 2025<\/a><a href=\"https:\/\/millwell.de\/wp-content\/uploads\/2025\/09\/Leistungserklarung-MillWell.pdf\" class=\"wp-block-file__button wp-element-button\" download aria-describedby=\"wp-block-file--media-1dccbca7-f32b-4858-8f87-813883656266\">Pobierz<\/a><\/div>\n<\/div>\n<\/div>\n<\/div><\/div>\n\n\n\n<p><\/p>\n","protected":false},"excerpt":{"rendered":"<p>Katalog MillWell Opis systemu suchego jastrychu Zeszyt techniczny GIFAfloor Dla projektanta<\/p>\n","protected":false},"author":3,"featured_media":0,"parent":0,"menu_order":0,"comment_status":"closed","ping_status":"closed","template":"","meta":{"ngg_post_thumbnail":0,"footnotes":""},"class_list":["post-711","page","type-page","status-publish","hentry"],"acf":[],"yoast_head":"<!-- This site is optimized with the Yoast SEO plugin v27.3 - https:\/\/yoast.com\/product\/yoast-seo-wordpress\/ -->\n<title>Do pobrania - MILLWELL<\/title>\n<meta name=\"robots\" content=\"index, follow, max-snippet:-1, max-image-preview:large, max-video-preview:-1\" \/>\n<link rel=\"canonical\" href=\"https:\/\/millwell.de\/strona-glowna\/do-pobrania\/\" \/>\n<meta property=\"og:locale\" content=\"pl_PL\" \/>\n<meta property=\"og:type\" content=\"article\" \/>\n<meta property=\"og:title\" content=\"Do pobrania - MILLWELL\" \/>\n<meta property=\"og:description\" content=\"Katalog MillWell Opis systemu suchego jastrychu Zeszyt techniczny GIFAfloor Dla projektanta\" \/>\n<meta property=\"og:url\" content=\"https:\/\/millwell.de\/strona-glowna\/do-pobrania\/\" \/>\n<meta property=\"og:site_name\" content=\"MILLWELL\" \/>\n<meta property=\"article:modified_time\" content=\"2025-09-18T08:00:01+00:00\" \/>\n<meta property=\"og:image\" content=\"https:\/\/millwell.de\/wp-content\/uploads\/2021\/10\/dsfsf-e1688553315559.jpg\" \/>\n\t<meta property=\"og:image:width\" content=\"532\" \/>\n\t<meta property=\"og:image:height\" content=\"450\" \/>\n\t<meta property=\"og:image:type\" content=\"image\/jpeg\" \/>\n<meta name=\"twitter:card\" content=\"summary_large_image\" \/>\n<meta name=\"twitter:label1\" content=\"Szacowany czas czytania\" \/>\n\t<meta name=\"twitter:data1\" content=\"1 minuta\" \/>\n<script type=\"application\/ld+json\" class=\"yoast-schema-graph\">{\"@context\":\"https:\\\/\\\/schema.org\",\"@graph\":[{\"@type\":\"WebPage\",\"@id\":\"https:\\\/\\\/millwell.de\\\/strona-glowna\\\/do-pobrania\\\/\",\"url\":\"https:\\\/\\\/millwell.de\\\/strona-glowna\\\/do-pobrania\\\/\",\"name\":\"Do pobrania - MILLWELL\",\"isPartOf\":{\"@id\":\"https:\\\/\\\/millwell.de\\\/strona-glowna\\\/#website\"},\"datePublished\":\"2024-01-25T12:05:43+00:00\",\"dateModified\":\"2025-09-18T08:00:01+00:00\",\"breadcrumb\":{\"@id\":\"https:\\\/\\\/millwell.de\\\/strona-glowna\\\/do-pobrania\\\/#breadcrumb\"},\"inLanguage\":\"pl-PL\",\"potentialAction\":[{\"@type\":\"ReadAction\",\"target\":[\"https:\\\/\\\/millwell.de\\\/strona-glowna\\\/do-pobrania\\\/\"]}]},{\"@type\":\"BreadcrumbList\",\"@id\":\"https:\\\/\\\/millwell.de\\\/strona-glowna\\\/do-pobrania\\\/#breadcrumb\",\"itemListElement\":[{\"@type\":\"ListItem\",\"position\":1,\"name\":\"Strona g\u0142\u00f3wna\",\"item\":\"https:\\\/\\\/millwell.de\\\/strona-glowna\\\/\"},{\"@type\":\"ListItem\",\"position\":2,\"name\":\"Do pobrania\"}]},{\"@type\":\"WebSite\",\"@id\":\"https:\\\/\\\/millwell.de\\\/strona-glowna\\\/#website\",\"url\":\"https:\\\/\\\/millwell.de\\\/strona-glowna\\\/\",\"name\":\"MILLWELL\",\"description\":\"Millwell - p\u0142yty do ogrzewania podpod\u0142ogowego w suchej zabudowie\",\"publisher\":{\"@id\":\"https:\\\/\\\/millwell.de\\\/strona-glowna\\\/#organization\"},\"potentialAction\":[{\"@type\":\"SearchAction\",\"target\":{\"@type\":\"EntryPoint\",\"urlTemplate\":\"https:\\\/\\\/millwell.de\\\/strona-glowna\\\/?s={search_term_string}\"},\"query-input\":{\"@type\":\"PropertyValueSpecification\",\"valueRequired\":true,\"valueName\":\"search_term_string\"}}],\"inLanguage\":\"pl-PL\"},{\"@type\":\"Organization\",\"@id\":\"https:\\\/\\\/millwell.de\\\/strona-glowna\\\/#organization\",\"name\":\"KRABET\",\"url\":\"https:\\\/\\\/millwell.de\\\/strona-glowna\\\/\",\"logo\":{\"@type\":\"ImageObject\",\"inLanguage\":\"pl-PL\",\"@id\":\"https:\\\/\\\/millwell.de\\\/strona-glowna\\\/#\\\/schema\\\/logo\\\/image\\\/\",\"url\":\"https:\\\/\\\/krabet.pl\\\/wp-content\\\/uploads\\\/2021\\\/09\\\/KRABET-logo-1.png\",\"contentUrl\":\"https:\\\/\\\/krabet.pl\\\/wp-content\\\/uploads\\\/2021\\\/09\\\/KRABET-logo-1.png\",\"width\":143,\"height\":32,\"caption\":\"KRABET\"},\"image\":{\"@id\":\"https:\\\/\\\/millwell.de\\\/strona-glowna\\\/#\\\/schema\\\/logo\\\/image\\\/\"}}]}<\/script>\n<!-- \/ Yoast SEO plugin. -->","yoast_head_json":{"title":"Do pobrania - MILLWELL","robots":{"index":"index","follow":"follow","max-snippet":"max-snippet:-1","max-image-preview":"max-image-preview:large","max-video-preview":"max-video-preview:-1"},"canonical":"https:\/\/millwell.de\/strona-glowna\/do-pobrania\/","og_locale":"pl_PL","og_type":"article","og_title":"Do pobrania - MILLWELL","og_description":"Katalog MillWell Opis systemu suchego jastrychu Zeszyt techniczny GIFAfloor Dla projektanta","og_url":"https:\/\/millwell.de\/strona-glowna\/do-pobrania\/","og_site_name":"MILLWELL","article_modified_time":"2025-09-18T08:00:01+00:00","og_image":[{"width":532,"height":450,"url":"https:\/\/millwell.de\/wp-content\/uploads\/2021\/10\/dsfsf-e1688553315559.jpg","type":"image\/jpeg"}],"twitter_card":"summary_large_image","twitter_misc":{"Szacowany czas czytania":"1 minuta"},"schema":{"@context":"https:\/\/schema.org","@graph":[{"@type":"WebPage","@id":"https:\/\/millwell.de\/strona-glowna\/do-pobrania\/","url":"https:\/\/millwell.de\/strona-glowna\/do-pobrania\/","name":"Do pobrania - MILLWELL","isPartOf":{"@id":"https:\/\/millwell.de\/strona-glowna\/#website"},"datePublished":"2024-01-25T12:05:43+00:00","dateModified":"2025-09-18T08:00:01+00:00","breadcrumb":{"@id":"https:\/\/millwell.de\/strona-glowna\/do-pobrania\/#breadcrumb"},"inLanguage":"pl-PL","potentialAction":[{"@type":"ReadAction","target":["https:\/\/millwell.de\/strona-glowna\/do-pobrania\/"]}]},{"@type":"BreadcrumbList","@id":"https:\/\/millwell.de\/strona-glowna\/do-pobrania\/#breadcrumb","itemListElement":[{"@type":"ListItem","position":1,"name":"Strona g\u0142\u00f3wna","item":"https:\/\/millwell.de\/strona-glowna\/"},{"@type":"ListItem","position":2,"name":"Do pobrania"}]},{"@type":"WebSite","@id":"https:\/\/millwell.de\/strona-glowna\/#website","url":"https:\/\/millwell.de\/strona-glowna\/","name":"MILLWELL","description":"Millwell - p\u0142yty do ogrzewania podpod\u0142ogowego w suchej zabudowie","publisher":{"@id":"https:\/\/millwell.de\/strona-glowna\/#organization"},"potentialAction":[{"@type":"SearchAction","target":{"@type":"EntryPoint","urlTemplate":"https:\/\/millwell.de\/strona-glowna\/?s={search_term_string}"},"query-input":{"@type":"PropertyValueSpecification","valueRequired":true,"valueName":"search_term_string"}}],"inLanguage":"pl-PL"},{"@type":"Organization","@id":"https:\/\/millwell.de\/strona-glowna\/#organization","name":"KRABET","url":"https:\/\/millwell.de\/strona-glowna\/","logo":{"@type":"ImageObject","inLanguage":"pl-PL","@id":"https:\/\/millwell.de\/strona-glowna\/#\/schema\/logo\/image\/","url":"https:\/\/krabet.pl\/wp-content\/uploads\/2021\/09\/KRABET-logo-1.png","contentUrl":"https:\/\/krabet.pl\/wp-content\/uploads\/2021\/09\/KRABET-logo-1.png","width":143,"height":32,"caption":"KRABET"},"image":{"@id":"https:\/\/millwell.de\/strona-glowna\/#\/schema\/logo\/image\/"}}]}},"_links":{"self":[{"href":"https:\/\/millwell.de\/strona-glowna\/wp-json\/wp\/v2\/pages\/711","targetHints":{"allow":["GET"]}}],"collection":[{"href":"https:\/\/millwell.de\/strona-glowna\/wp-json\/wp\/v2\/pages"}],"about":[{"href":"https:\/\/millwell.de\/strona-glowna\/wp-json\/wp\/v2\/types\/page"}],"author":[{"embeddable":true,"href":"https:\/\/millwell.de\/strona-glowna\/wp-json\/wp\/v2\/users\/3"}],"replies":[{"embeddable":true,"href":"https:\/\/millwell.de\/strona-glowna\/wp-json\/wp\/v2\/comments?post=711"}],"version-history":[{"count":17,"href":"https:\/\/millwell.de\/strona-glowna\/wp-json\/wp\/v2\/pages\/711\/revisions"}],"predecessor-version":[{"id":1275,"href":"https:\/\/millwell.de\/strona-glowna\/wp-json\/wp\/v2\/pages\/711\/revisions\/1275"}],"wp:attachment":[{"href":"https:\/\/millwell.de\/strona-glowna\/wp-json\/wp\/v2\/media?parent=711"}],"curies":[{"name":"wp","href":"https:\/\/api.w.org\/{rel}","templated":true}]}}